git of 106353?
3
What is the units digit of 3641144?
4
What is the ten millions digit of 18857747?
1
What is the units digit of 1167733?
3
What is the ten thousands digit of 8028874?
2
What is the ten thousands digit of 2049048?
4
What is the millions digit of 1391620?
1
What is the tens digit of 6101130?
3
What is the units digit of 5859?
9
What is the millions digit of 16924164?
6
What is the ten thousands digit of 2856566?
5
What is the millions digit of 1836843?
1
What is the ten thousands digit of 151617?
5
What is the millions digit of 4183996?
4
What is the hundreds digit of 10654487?
4
What is the units digit of 310903?
3
What is the millions digit of 3689768?
3
What is the tens digit of 23160?
6
What is the units digit of 1042914?
4
What is the units digit of 9601445?
5
What is the units digit of 197317?
7
What is the millions digit of 2259201?
2
What is the tens digit of 2431992?
9
What is the thousands digit of 34261?
4
What is the thousands digit of 323334?
3
What is the ten millions digit of 13763212?
1
What is the hundreds digit of 5919248?
2
What is the units digit of 111948?
8
What is the units digit of 6940?
0
What is the units digit of 425834?
4
What is the ten thousands digit of 6981943?
8
What is the hundreds digit of 18314116?
1
What is the units digit of 1172584?
4
What is the hundreds digit of 98510?
5
What is the ten thousands digit of 227258?
2
What is the thousands digit of 20929?
0
What is the hundred thousands digit of 302943?
3
What is the units digit of 315353?
3
What is the tens digit of 157747?
4
What is the units digit of 699091?
1
What is the hundreds digit of 2138855?
8
What is the ten thousands digit of 374642?
7
What is the hundred thousands digit of 2360715?
3
What is the units digit of 1557256?
6
What is the millions digit of 2336223?
2
What is the units digit of 201256?
6
What is the hundreds digit of 715088?
0
What is the hundred thousands digit of 11273770?
2
What is the thousands digit of 94842?
4
What is the hundred thousands digit of 2783139?
7
What is the ten thousands digit of 172573?
7
What is the tens digit of 14705950?
5
What is the hundred thousands digit of 7265316?
2
What is the tens digit of 28241?
4
What is the thousands digit of 1697675?
7
What is the ten thousands digit of 45435?
4
What is the hundred thousands digit of 572893?
5
What is the units digit of 73731?
1
What is the thousands digit of 62724?
2
What is the thousands digit of 141410?
1
What is the millions digit of 1601743?
1
What is the hundreds digit of 1609617?
6
What is the ten thousands digit of 151351?
5
What is the tens digit of 42244?
4
What is the hundreds digit of 342108?
1
What is the thousands digit of 8387906?
7
What is the units digit of 1531806?
6
What is the hundred thousands digit of 832050?
8
What is the thousands digit of 1393229?
3
What is the thousands digit of 325972?
5
What is the ten thousands digit of 1947622?
4
What is the tens digit of 9510687?
8
What is the units digit of 1964559?
9
What is the ten thousands digit of 98033?
9
What is the thousands digit of 119978?
9
What is the thousands digit of 754485?
4
What is the ten thousands digit of 21695783?
9
What is the units digit of 30862?
2
What is the thousands digit of 766806?
6
What is the hundreds digit of 6565634?
6
What is the tens digit of 159652?
5
What is the units digit of 130340?
0
What is the millions digit of 9236140?
9
What is the ten thousands digit of 2785274?
8
What is the hundred thousands digit of 1242910?
2
What is the ten millions digit of 10657726?
1
What is the tens digit of 1585241?
4
What is the millions digit of 4939130?
4
What is the ten thousands digit of 178678?
7
What is the tens digit of 294840?
4
What is the millions digit of 9417950?
9
What is the ten thousands digit of 698954?
9
What is the hundred thousands digit of 9745098?
7
What is the millions digit of 1850699?
1
What is the hundreds digit of 37328?
3
What is the ten millions digit of 26399125?
2
What is the tens digit of 27235939?
3
What is the millions digit of 3696072?
3
What is the millions digit of 4402699?
4
What is the thousands digit of 38406?
8
What is the ten thousands digit of 3861841?
6
What is the tens digit of 44401931?
3
What is the thousands digit of 6137745?
7
What is the tens digit of 1560237?
3
What is the tens digit of 53983?
8
What is the hundreds digit of 385308?
3
What is the hundreds digit of 4686683?
6
What is the thousands digit of 963966?
3
What is the hundreds digit of 3819718?
7
What is the tens digit of 127023?
2
What is the ten thousands digit of 3108280?
0
What is the ten thousands digit of 10377245?
7
What is the ten thousands digit of 3618074?
1
What is the hundred thousands digit of 9198238?
1
What is the hundred thousands digit of 10629006?
6
What is the hundred thousands digit of 22523588?
5
What is the ten thousands digit of 6759872?
5
What is the ten thousands digit of 1891115?
9
What is the tens digit of 1095381?
8
What is the hundreds digit of 10973329?
3
What is the units digit of 1052111?
1
What is the units digit of 2196626?
6
What is the thousands digit of 5355789?
5
What is the ten millions digit of 32484089?
3
What is the hundred thousands digit of 865497?
8
What is the tens digit of 1261255?
5
What is the millions digit of 1563320?
1
What is the hundreds digit of 2030750?
7
What is the tens digit of 193039?
3
What is the ten thousands digit of 178686?
7
What is the units digit of 199839?
9
What is the hundreds digit of 4264?
2
What is the tens digit of 214257?
5
What is the units digit of 101387?
7
What is the thousands digit of 427827?
7
What is the hundred thousands digit of 131458?
1
What is the millions digit of 2091191?
2
What is the ten thousands digit of 65894?
6
What is the hundreds digit of 4440570?
5
What is the tens digit of 79172?
7
What is the ten thousands digit of 304418?
0
What is the units digit of 116665?
5
What is the thousands digit of 3522258?
2
What is the thousands digit of 5704392?
4
What is the hundred thousands digit of 474223?
4
What is the units digit of 665383?
3
What is the thousands digit of 540623?
0
What is the hundreds digit of 342335?
3
What is the hundreds digit of 5765815?
8
What is the units digit of 93318?
8
What is the thousands digit of 1325026?
5
What is the tens digit of 131367?
6
What is the hundreds digit of 2157289?
2
What is the hundreds digit of 677275?
2
What is the units digit of 3745397?
7
What is the hundred thousands digit of 220075?
2
What is the ten thousands digit of 360538?
6
What is the hundred thousands digit of 1126657?
1
What is the tens digit of 1814309?
0
What is the thousands digit of 522124?
2
What is the thousands digit of 1746876?
6
What is the hundreds digit of 384733?
7
What is the ten thousands digit of 4795627?
9
What is the hundreds digit of 1494324?
3
What is the units digit of 18004321?
1
What is the hundred thousands digit of 16534114?
5
What is the tens digit of 34780?
8
What is the hundred thousands digit of 824125?
8
What is the hundreds digit of 6239626?
6
What is the ten thousands digit of 443600?
4
What is the hundred thousands digit of 2849989?
8
What is the hundreds digit of 8607976?
9
What is the units digit of 6610690?
0
What is the millions digit of 1353025?
1
What is the ten thousands digit of 2890862?
9
What is the thousands digit of 15122956?
2
What is the hundred thousands digit of 438993?
4
What is the hundreds digit of 238939?
9
What is the thousands digit of 21309?
1
What is the hundreds digit of 3003302?
3
What is the tens digit of 8500?
0
What is the units digit of 117273?
3
What is the tens digit of 45412?
1
What is the thousands digit of 18195583?
5
What is the millions digit of 7920547?
7
What is the hundred thousands digit of 17489228?
4
What is the ten thousands digit of 14285457?
8
What is the thousands digit of 150157?
0
What is the hundreds digit of 3505171?
1
What is the hundreds digit of 446794?
7
What is the tens digit of 152837?
3
What is the tens digit of 847161?
6
What is the ten thousands digit of 296367?
9
What is the units digit of 47172?
2
What is the units digit of 1147349?
9
What is the ten thousands digit of 390779?
9
What is the units digit of 416164?
4
What is the hundred thousands digit of 8298773